 g(o) be the second derivative of o**4/12 - o**3/2 - 3*o**2 + 4*o. Let u be (1 + -11)*(-24)/20. Let x = -7 + u. Give g(x).
4
Let d(u) be the third derivative of -u**5/60 + 2*u**4/3 - 8*u**3/3 + 248*u**2. Give d(15).
-1
Let g(c) be the first derivative of -3*c**5/20 + c**3/6 + 11*c**2/2 + 20. Let i(b) be the second derivative of g(b). What is i(-1)?
-8
Let p(j) = -4*j**3 - j**2. Suppose -7*r + 33 - 26 = 0. Give p(r).
-5
Suppose -p - 3*p = -11*p. Let u(w) = w**2 + 14. Give u(p).
14
Let r(i) = -2*i**2 - i. Suppose -t + 5 - 2 = 3*n, 5*t = 3*n - 21. Suppose -2*v + n = 5*z - 13, 5*v = 2*z + 23. Suppose -z = -4*c + 3. What is r(c)?
-3
Let h be ((-2)/6)/((-2)/42). Suppose f + i + 7 = -0*f, h = -4*f + 3*i. Let s(d) be the first derivative of -d**3/3 - 7*d**2/2 - 6*d - 34. Calculate s(f).
6
Let r(x) = -x**2 - 10*x + 12. Let o be (-138)/92*(1 + 5). Calculate r(o).
21
Let r(i) = -6*i - 2. Let d(c) = 5*c + 3. Let y(h) = -7*d(h) - 6*r(h). Let o(l) = -l + 8. Let k(b) = -4*o(b) - 3*y(b). Let a be (3/6)/((-2)/(-20)). Give k(a).
0
Suppose 7*j = -22 + 71. Let n(l) = l - 19 + 19. What is n(j)?
7
Let c(x) = x**3 - 2*x**2 - 8*x + 13. Let b be c(2). Let y(n) = -2*n - 2. Give y(b).
4
Let c(u) = -u - 2. Suppose 3*m = 9 + 3. Suppose -m*d + 72 = 8. Suppose 4*k - d = 0, s + 2 = -4*k + 14. Give c(s).
2
Let g(z) = -9*z - 9. Let k(l) = 12*l + 14. Let s(m) = 3*g(m) + 2*k(m). Let t be 1/(-2)*-4 - 5. Give s(t).
10
Let x(f) = f**2 - f + 1. Let w(q) = 2*q**2 + 7*q + 9. Let m(p) = -p**2 - 4*p - 3. Let s be m(-2). Let z(n) = s*w(n) - x(n). Calculate z(-6).
-4
Suppose -5*z - 190 = 4*o - 25, -10 = 2*z. Let a(c) = -3*c - 104. Calculate a(o).
1
Let f(s) = 3*s**3 + s**2 - 9*s + 6. Let d(m) = -m**2 + m. Let j(z) = -5*d(z) - f(z). Let g(w) = -w**3 + w**2 + w. Let r(x) = -4*g(x) + j(x). Give r(0).
-6
Let w(d) = 12*d. Suppose 0 = 3*z - 2*t + 1, -17 = -4*z - 0*t - t. Let n be w(z). Let m(r) = 2 + 36*r - n*r + r**2. Calculate m(-2).
6
Let o(i) = 2*i**2 - 8*i + 20. Let m be o(4). Suppose 0 = m*c - 9*c - 11. Let n(b) = 14*b + 1. Calculate n(c).
15
Suppose -1 - 4 = -201*n - 5. Let f(r) = -r**2 + 2*r**3 - 5*r**3 - 4 + 2*r**3 - r. Calculate f(n).
-4
Let r = 48 - 24. Suppose -r = h - 5*h. Let m(q) = -q**2 + 5*q + 3. Let i be m(h). Let f(y) = -y**3 - 5*y**2 - 2*y + 1. Give f(i).
-11
Let z(y) = y**3 - 38*y**2 + 72*y - 8. Let s be z(36). Let p(c) be the second derivative of c**4/12 + 5*c**3/6 - 5*c**2/2 - 6*c. Give p(s).
19
Let w(m) be the first derivative of m**2/2 + 3*m - 1. Let l be (-1)/(-2)*11/(33/(-30)). Let c(r) = 3*r + 10. Let n be c(l). Determine w(n).
-2
Let n be (-314)/(-16) + (-18)/(-48). Suppose z = -n + 24. Let h(f) = -2*f**2 + 6*f - 4. Determine h(z).
-12
Suppose 6 + 2 = u. Suppose z - 2*z + v = -u, 5*v = -5*z + 30. Let o = z + -6. Let a(y) = 3*y**2 - 1. Determine a(o).
2
Suppose 352 = -5*i + 7. Let v = i + 76. Let n(d) = 2*d - 8. Give n(v).
6
Let v(d) = -d**3 - 6*d**2 - 2*d - 6. Suppose 0 = -2*z + z + 5, 0 = -3*l + 5*z - 19. Suppose -l*a - 4*q - 28 = 0, -4*a - 5*q - 38 = -a. What is v(a)?
6
Let c = -24 + 22. Let x(y) = 3*y - 6. Let s(b) = b - 1. Let p(u) = c*s(u) + x(u). What is p(0)?
-4
Let m(o) = -7*o + 3. Let t(y) = 2*y**3 - 8*y**2 + 4*y - 3. Let f be t(3). Let c be (-4)/f + (-299)/(-117). Calculate m(c).
-18
Let k = 6 - 6. Let l(h) = -2*h + 0*h + 43*h**3 + 5 - 6*h**2 - 44*h**3 + k*h. What is l(-5)?
-10
Let u(t) = t - 3. Let k = 27 - 41. Let p be 2/k - 200/(-28). Suppose 5*q = p + 8. Determine u(q).
0
Let j be 0/(-4)*7/14. Let f(g) = -g - 6. Determine f(j).
-6
Let y(z) = 2*z**3 - 3*z**2 + z. Suppose 4*a - 22 + 2 = 0. Suppose -2 = a*m + 28. Let h = 8 + m. Determine y(h).
6
Let r(a) = -9*a - 21. Let d(n) = -n - 3. Let m(w) = 6*d(w) - r(w). Determine m(-2).
-3
Let i(c) = 2*c - 7. Let k(g) = 6*g - 20. Let l(f) = 17*i(f) - 6*k(f). Let z(q) = -2*q + 3. Let p be z(3). Give l(p).
7
Suppose -4*y = -4*j + 4, 2*j + 10*y = 8*y + 18. Let t(q) be the second derivative of -q**4/12 + 5*q**3/6 + 2*q**2 + 2*q. Calculate t(j).
4
Let i(o) = -6 - o + 4 - 1080*o**2 + 2149*o**2 - 1077*o**2 + 0. Give i(-2).
-32
Let h = -4 - 1. Let n(u) be the second derivative of u**4/12 + 7*u**3/6 + 3*u**2 - 112*u + 2. Calculate n(h).
-4
Suppose -3*p + 115 = 5*q, q + 32 = 3*q + 4*p. Suppose 5*i - q = -1. Suppose -5*v = -i*y, -3*y = v - 5*y. Let h(o) = -o**3 + o**2 + o - 8. What is h(v)?
-8
Let s be 14 + (-4)/2 - 4. Let y(t) = -t**3 + 9*t**2 - 9*t + 3. Give y(s).
-5
Suppose x = 3*j - 5, -x + 3*j - 8 = -3*x. Let o(n) = -3*n + 9. Let b(v) = v - 1. Let m(d) = x*o(d) + 2*b(d). Suppose -2*c = c - 9. Determine m(c).
4
Let g be (-53)/5 + (-4)/10. Let z = g + 13. Let r(j) = 4*j**2 - 2 - 5*j**2 + 0*j**2. What is r(z)?
-6
Let f(i) be the third derivative of -i**4/12 - 19*i**2. Let u be f(0). Let j(p) = p**3 + p**2 - p + 10. What is j(u)?
10
Let k(c) = -6*c - 11. Let t be 6/8 - (-9)/(180/(-175)). Calculate k(t).
37
Suppose -3 - 5 = -2*v. Let w(i) = 3*i**2 - 2*i + 6. Let z be (0/(-3 + 1))/(-1) - 2. Let l(n) = n**2 - n + 3. Let q(f) = z*w(f) + 5*l(f). What is q(v)?
-17
Let d(b) = -20*b**2 + 24*b - 13*b**2 + 8*b**2 + 11*b - 36*b. Calculate d(-1).
-24
Let w(t) = -2*t**2 + 6*t. Let p(a) = a**3 - 4*a**2 - 5*a - 3. Let n be p(5). Let z = n + 6. Let v be z - (2 - 1)/(-1). Determine w(v).
-8
Let h(y) = 4*y - 4. Suppose 3*l = 24 + 18. Suppose -l = -n - 3*q, 4*n + 2*q - 26 = -0*q. Calculate h(n).
16
Let p(w) be the third derivative of 1/24*w**4 + 36*w**2 - 1/6*w**3 + 0*w + 0. Give p(-2).
-3
Suppose 3*h = -2*y - 30, -4*y - 2*h - 24 = -5*h. Let m(j) = -j**3 - 8*j**2 + 5*j - 10. What is m(y)?
26
Suppose -4*c + 4 = 0, 0*d = -3*d + 2*c - 11. Let m be d*(-1)/(-6)*-4. Let u(b) = 0*b - 3*b**2 - 2*b**m + b - 1. Determine u(1).
-5
Let p(n) be the first derivative of n + 3/2*n**2 + 6. Suppose -3*t = 2*h - 18, -4*h = -h - 4*t + 7. What is p(h)?
10
Suppose 5*c + 5 = -8*q + 11*q, -3*q + 23 = 4*c. Let l(x) = x**2 - 11*x + 25. Determine l(q).
-5
Let k be 20 - ((-6)/(-3) + -2). Let h(n) = 5 - 1 + n**3 - k*n**2 - 5*n + 17*n**2. Give h(4).
0
Let h(n) = 2*n - 76. Let x be h(36). Let t be (4 - 3)/(1/2). Let y(u) = 1 + 3*u + u**2 + 0*u**t + 1 + 0*u**2. What is y(x)?
6
Suppose -k + 1 + 2 = 0. Let y = k + -2. Let w(j) = -2*j + 31. Let z(t) = -t + 11. Let u(s) = -6*w(s) + 17*z(s). What is u(y)?
-4
Let s(m) be the second derivative of -m**5/20 + m**3/6 + 17*m**2 - 75*m. Give s(0).
34
Let a be 7/((-21)/(-78)) + -3. Let z = 21 - a. Let p(g) = -4*g + 1. Calculate p(z).
9
Suppose 5*h = -4*w + 15, -2*w = 3*h - 0 - 7. Let o(g) be the second derivative of g - 1/12*g**4 + 3/2*g**2 + g**3 + 0. What is o(w)?
8
Let x = -1 + 9. Let b(i) = -3*i**2 + 7*i - x*i - 2*i**2 - 3 - 2*i**3. Let w(q) = -3*q**3 - 10*q**2 - 3*q - 7. Let t(k) = 5*b(k) - 3*w(k). Calculate t(6).
-6
Let q(v) be the second derivative of -v**8/6720 + v**7/630 + v**6/240 + v**5/24 + 19*v**4/12 - 12*v. Let l(m) be the third derivative of q(m). Determine l(5).
-5
Suppose 5*j - 4 = -4*l, 0 = j - 4*l - 18 - 2. Let y(s) = 4035 + 4041 - 3*s - 8072. What is y(j)?
-8
Let p(j) be the second derivative of j**4/12 + 4*j**3/3 + j**2 - 4*j + 64. Let r(h) = 0*h**2 + 7*h + h**2 + 4 - 2. Let t be r(-5). Give p(t).
2
Let k be 5*-3*(0 - (-4)/12). Let v(z) = -2*z - 14. Determine v(k).
-4
Let z(a) = 46*a - 3. Let d(f) = -19*f + 1. Let o(x) = -5*d(x) - 2*z(x). Calculate o(4).
13
Let q = 836 - 826. Let u(z) = z**3 - 10*z**2 - z + 19. Give u(q).
9
Let i be (-1)/(-7) + 3025/385. Let p(k) = k**3 - 6*k**2 - 11*k + 1. Calculate p(i).
41
Let h(c) be the third derivative of c**5/60 + c**4/24 - c**3/2 - 97*c**2. Calculate h(3).
9
Let r(t) be the second derivative of t**5/20 + 3*t**4/4 - 3*t**3/2 + 6*t**2 - 455*t. Give r(-10).
2
Let n = -68 + 71. Suppose -5*f = n*f. Let o(x) = x**3 - x**2 + 8. Calculate o(f).
8
Let d(v) = 14*v**2 + v**3 - 3 + 0*v**2 + 15*v + v**2 + v**2 + 2. What is d(-15)?
-1
Let c(a) = -3 + 0 - a + 2*a. Suppose 3*u - 19 - 5 = 0. Let x = 12 - u. Determine c(x).
1
Let o(y) = -y - 2. Suppose 1 = 3*z - f, -z + 5*f + 5 = 2*z. Suppose -3*n + 9 = -z. Give o(n).
-5
Let d(h) be the third derivative of -h**6/40 - h**5/12 - h**3/3 - 2*h**2 + 190. Calculate d(-3).
34
Let s(l) = -2*l**3 + 7*l**2 - 2*l + 8. Let g(v) = v**3 - 4*v**2 + v - 3. Let z(x) = 7*g(x) + 3*s(x). What is z(6)?
-27
Let d = -12 + 19. Let x(f) = -5 + 3*f**2 - d*f + f -